site number?
False
Is 1159207457 prime?
False
Is 14733451 a prime number?
True
Is 126783871 a composite number?
False
Is 335961133 a composite number?
True
Is 377999 prime?
True
Is 10957241 composite?
False
Is 22813977 composite?
True
Is 159921731 composite?
False
Is 79825667 prime?
True
Is 5783443 a composite number?
False
Is 282847 a prime number?
True
Is 63614381 prime?
True
Is 5851211 a prime number?
False
Is 16529647 a composite number?
False
Is 258788683 prime?
False
Is 63797219 composite?
False
Is 1947103 prime?
False
Is 1027783 a prime number?
True
Is 23955437 composite?
True
Is 1552261 prime?
False
Is 101650609 composite?
False
Is 123329737 a composite number?
True
Is 70027 a composite number?
True
Is 17591143 a prime number?
True
Is 144476195 a prime number?
False
Is 5098117 a prime number?
True
Is 69777053 composite?
False
Is 303323131 composite?
False
Is 5385361 a prime number?
True
Is 832840493 a composite number?
False
Is 37504489 a prime number?
False
Is 88745099 composite?
True
Is 26804577 composite?
True
Is 122457479 a prime number?
True
Is 316831 a composite number?
True
Is 50182413 a prime number?
False
Is 111852227 a prime number?
True
Is 195016649 prime?
True
Is 206785 composite?
True
Is 35562686 prime?
False
Is 13556743 a prime number?
True
Is 1693027 composite?
True
Is 810847 composite?
True
Is 36416969 a prime number?
True
Is 87454529 a prime number?
True
Is 6956123 a prime number?
True
Is 25653689 prime?
True
Is 5503057 a composite number?
True
Is 32466659 a composite number?
True
Is 124854631 prime?
False
Is 102174239 a prime number?
True
Is 23717459 a prime number?
False
Is 26692507 prime?
False
Is 1643491 prime?
True
Is 1029245197 composite?
False
Is 68410019 composite?
True
Is 34801157 a composite number?
True
Is 139918307 prime?
False
Is 118836187 a composite number?
False
Is 1735918 a composite number?
True
Is 64179923 composite?
True
Is 30439229 composite?
True
Is 18772121 prime?
True
Is 99410881 composite?
True
Is 68440205 prime?
False
Is 4904189 composite?
True
Is 1057747 a composite number?
True
Is 3634777 composite?
False
Is 14532731 prime?
True
Is 812810303 prime?
True
Is 3613429 prime?
False
Is 4630447 a composite number?
False
Is 15274067 prime?
True
Is 996739 composite?
False
Is 23266391 a composite number?
False
Is 343490299 composite?
True
Is 5658587 prime?
False
Is 2076331 a prime number?
True
Is 140048479 composite?
False
Is 27853549 composite?
False
Is 150817 prime?
False
Is 5029513 composite?
False
Is 2754409 a prime number?
False
Is 529625443 composite?
False
Is 5359291 composite?
True
Is 10572083 prime?
True
Is 23712869 prime?
False
Is 54009283 composite?
True
Is 4696709 composite?
True
Is 761897 prime?
True
Is 5216623 composite?
False
Is 54475439 composite?
True
Is 167628001 a prime number?
True
Is 228361789 composite?
True
Is 54190762 composite?
True
Is 15142793 prime?
False
Is 19535953 composite?
True
Is 2650829 a composite number?
False
Is 3958583 prime?
True
Is 3039077 a prime number?
True
Is 12607909 composite?
False
Is 1404334837 a prime number?
True
Is 21305759 a prime number?
False
Is 4581469 a prime number?
True
Is 219366913 composite?
True
Is 11138983 a composite number?
False
Is 88498313 a prime number?
True
Is 117879 prime?
False
Is 28678863 a prime number?
False
Is 10264339 a composite number?
False
Is 88033117 a prime number?
True
Is 2349701 a composite number?
False
Is 12518351 a composite number?
False
Is 146361151 a composite number?
True
Is 119894519 a prime number?
False
Is 14477613 a prime number?
False
Is 9034841 composite?
False
Is 6324013 prime?
False
Is 5931449 a composite number?
False
Is 1006871 composite?
True
Is 166783493 a composite number?
False
Is 3200441 composite?
True
Is 103040087 composite?
False
Is 12943811 a composite number?
True
Is 7977227 prime?
True
Is 491402033 a composite number?
False
Is 446027 composite?
True
Is 4645483 prime?
False
Is 120085607 prime?
False
Is 70452707 composite?
True
Is 15600989 a prime number?
True
Is 77292601 prime?
False
Is 363091 composite?
True
Is 12428389 prime?
True
Is 146399783 composite?
True
Is 43866895 a prime number?
False
Is 1022407 a composite number?
True
Is 27166151 prime?
False
Is 30643835 composite?
True
Is 14989807 a prime number?
False
Is 22770083 a composite number?
True
Is 7398221 composite?
True
Is 6951641 composite?
False
Is 79190093 a composite number?
False
Is 34913863 prime?
True
Is 13560721 prime?
True
Is 23060909 composite?
True
Is 3340527 a prime number?
False
Is 19912055 prime?
False
Is 93731291 a prime number?
False
Is 13935731 prime?
True
Is 14633573 composite?
False
Is 5958401 prime?
True
Is 45287951 a composite number?
False
Is 320318 prime?
False
Is 5896691 a prime number?
True
Is 101333 composite?
False
Is 9242741 composite?
False
Is 3195427 a prime number?
True
Is 1398787 composite?
True
Is 60631279 composite?
False
Is 3123707 a prime number?
False
Is 3409343 prime?
False
Is 77813629 prime?
True
Is 473564671 a composite number?
False
Is 5731309 a composite number?
False
Is 630517 prime?
False
Is 24364219 prime?
False
Is 1289798 prime?
False
Is 4383219 prime?
False
Is 11821871 composite?
False
Is 2002349 composite?
False
Is 7150121 composite?
True
Is 4610443 a composite number?
False
Is 2249537 a prime number?
True
Is 17825141 composite?
True
Is 75351659 prime?
True
Is 12871291 prime?
True
Is 162611491 a prime number?
False
Is 290684269 a composite number?
True
Is 4373143 composite?
True
Is 84064633 composite?
True
Is 444079643 a composite number?
True
Is 2773579 a prime number?
True
Is 461782 a prime number?
False
Is 216349489 composite?
False
Is 2484629853 prime?
False
Is 4301623 prime?
True
Is 591365311 prime?
True
Is 2297819 prime?
True
Is 33710309 a prime number?
True
Is 32536711 a prime number?
True
Is 199103 prime?
True
Is 4584079 prime?
False
Is 29782261 prime?
True
Is 46195063 prime?
False
Is 32661563 composite?
True
Is 44280163 a prime number?
True
Is 5093947 a composite number?
False
Is 72042431 a prime number?
True
Is 32923745 prime?
False
Is 319097 prime?
True
Is 34728527 a prime number?
True
Is 486670307 a prime number?
True
Is 20803787 prime?
False
Is 5405503 a prime number?
True
Is 528091 prime?
True
Is 100052781 prime?
False
Is 248988853 prime?
True
Is 22692301 a prime number?
True
Is 2855995 a prime number?
False
Is 1100225311 prime?
True
Is 1035199 composite?
True
Is 7052807 a prime number?
False
Is 24399053 composite?
True
Is 26097581 a prime number?
False
Is 6226043 a prime number?
False
Is 10109857 a prime number?
False
Is 753161 prime?
True
Is 1252567 a composite number?
True
Is 433337 composite?
False
Is 8111721 a prime number?
False
Is 2256169 composite?
False
Is 1643111 prime?
False
Is 31508713 a prime number?
True
Is 212325761 composite?
False
Is 36861269 a prime number?
True
Is 23220921 prime?
False
Is 11028377 a composite number?
False
Is 48716801 prime?
False
Is 10582471 a composite number?
False
Is 1272881 prime?
True
Is 323139347 a prime number?
False
Is 2999179 a composite number?
True
Is 15155117 a composite number?
True
Is 15103609 composite?
True
Is 100538887 composite?
False
Is 165891653 prime?
True
Is 3183941 composite?
False
Is 2710663 composite?
False
Is 31411691 a composite number?
True
Is 26419981 a composite number?
True
Is 3112537 composite?
True
Is 68954399 composite?
False
Is 45119 prime?
True
Is 5149405 composite?
True
Is 50560937 a composite number?
True
Is 192347731 a prime number?
True
Is 3259177 a prime number?
True
Is 1578760345 a prime number?
False
Is 93643 a composite number?
True
Is 55576049 a prime number?
True
Is 5414557 a prime number?
True
Is 7963847 prime?
True
Is 6585691 a composite number?
True
Is 26219027 composite?
False
Is 409166741 composite?
False
Is 346133 a composite number?
False
Is 35691839 composite?
True
Is 214015973 prime?
False
Is 78611881 a composite number?
False
Is 12107195 a composite number?
True
Is 345469 composite?
True
Is 6306809 a prime number?
True
Is 17707022 composite?
True
Is 99885359 a prime number?
False
Is 3079561 a composite number?
True
Is 1853101 composite?
True
Is 15428407 composite?
True
Is 489613 a composite number?
False
Is 168011473 a prime number?
False
Is 3988609 a composite number?
True
Is 